{"id":1988,"date":"2017-12-18T16:16:55","date_gmt":"2017-12-18T16:16:55","guid":{"rendered":"http:\/\/www.amstelhouse.de\/staging-site\/?page_id=1988"},"modified":"2021-11-18T16:14:14","modified_gmt":"2021-11-18T16:14:14","slug":"hostel-de-diseno","status":"publish","type":"page","link":"https:\/\/www.amstelhouse.de\/es\/hostel-de-diseno\/","title":{"rendered":"ALBERGUE DE DISE\u00d1O"},"content":{"rendered":"<p style=\"text-align: left;\">Estamos casi al final de una gran transformaci\u00f3n: actualizar nuestro concepto y redise\u00f1ar completamente nuestra imagen. Convertirnos en el hostel de dise\u00f1o m\u00e1s nuevo y original de Berl\u00edn, sin perder de vista nuestra filosof\u00eda de precios bajos. No s\u00f3lo para lucir extra bonito, sino para proporcionar un ambiente estimulante, inspirador y de conexi\u00f3n para las mentes de los aventureros de todo el mundo en Berl\u00edn. Para garantizar la elegancia de nuestro nuevo dise\u00f1o, recurrimos a la ayuda profesional del amante de Berl\u00edn y dise\u00f1ador holand\u00e9s Harm Rensink. Harm es un talentoso y premiado arquitecto de espacios interiores y su trabajo se caracteriza por la fusi\u00f3n entre la arquitectura, la moda y el arte. Considera que su principal tarea es crear un ambiente en el que se puedan facilitar los mejores recuerdos, amistades y experiencias. Ni siquiera podemos expresar con palabras lo emocionados que estamos.<\/p>\n","protected":false},"excerpt":{"rendered":"<p>Estamos casi al final de una gran transformaci\u00f3n: actualizar nuestro concepto y redise\u00f1ar completamente nuestra imagen. Convertirnos en el hostel de dise\u00f1o m\u00e1s nuevo y original de Berl\u00edn, sin perder de vista nuestra filosof\u00eda de precios bajos. No s\u00f3lo para lucir extra bonito, sino para proporcionar un ambiente estimulante, inspirador y de conexi\u00f3n para las [&hellip;]<\/p>\n","protected":false},"author":4,"featured_media":0,"parent":0,"menu_order":9,"comment_status":"closed","ping_status":"closed","template":"page-offer-subpage-newlook.php","meta":{"footnotes":""},"class_list":["post-1988","page","type-page","status-publish","hentry"],"acf":[],"yoast_head":"<!-- This site is optimized with the Yoast SEO plugin v20.8 - https:\/\/yoast.com\/wordpress\/plugins\/seo\/ -->\n<title>Hostel de dise\u00f1o en Berl\u00edn | Habitaciones con estilo<\/title>\n<meta name=\"description\" content=\"Al\u00f3jate en el albergue de dise\u00f1o Amstel House, un edificio art nouveau con un interior original y dormitorios \u00fanicos. Un concepto de moda y precios bajos.\" \/>\n<meta name=\"robots\" content=\"index, follow, max-snippet:-1, max-image-preview:large, max-video-preview:-1\" \/>\n<link rel=\"canonical\" href=\"https:\/\/www.amstelhouse.de\/es\/hostel-de-diseno\/\" \/>\n<meta property=\"og:locale\" content=\"es_ES\" \/>\n<meta property=\"og:type\" content=\"article\" \/>\n<meta property=\"og:title\" content=\"Hostel de dise\u00f1o en Berl\u00edn | Habitaciones con estilo\" \/>\n<meta property=\"og:description\" content=\"Al\u00f3jate en el albergue de dise\u00f1o Amstel House, un edificio art nouveau con un interior original y dormitorios \u00fanicos. Un concepto de moda y precios bajos.\" \/>\n<meta property=\"og:url\" content=\"https:\/\/www.amstelhouse.de\/es\/hostel-de-diseno\/\" \/>\n<meta property=\"og:site_name\" content=\"Amstel House (es)\" \/>\n<meta property=\"article:modified_time\" content=\"2021-11-18T16:14:14+00:00\" \/>\n<meta name=\"twitter:label1\" content=\"Est. reading time\" \/>\n\t<meta name=\"twitter:data1\" content=\"1 minute\" \/>\n<script type=\"application\/ld+json\" class=\"yoast-schema-graph\">{\"@context\":\"https:\/\/schema.org\",\"@graph\":[{\"@type\":\"WebPage\",\"@id\":\"https:\/\/www.amstelhouse.de\/es\/hostel-de-diseno\/\",\"url\":\"https:\/\/www.amstelhouse.de\/es\/hostel-de-diseno\/\",\"name\":\"Hostel de dise\u00f1o en Berl\u00edn | Habitaciones con estilo\",\"isPartOf\":{\"@id\":\"https:\/\/www.amstelhouse.de\/es\/#website\"},\"datePublished\":\"2017-12-18T16:16:55+00:00\",\"dateModified\":\"2021-11-18T16:14:14+00:00\",\"description\":\"Al\u00f3jate en el albergue de dise\u00f1o Amstel House, un edificio art nouveau con un interior original y dormitorios \u00fanicos. Un concepto de moda y precios bajos.\",\"breadcrumb\":{\"@id\":\"https:\/\/www.amstelhouse.de\/es\/hostel-de-diseno\/#breadcrumb\"},\"inLanguage\":\"es-ES\",\"potentialAction\":[{\"@type\":\"ReadAction\",\"target\":[\"https:\/\/www.amstelhouse.de\/es\/hostel-de-diseno\/\"]}]},{\"@type\":\"BreadcrumbList\",\"@id\":\"https:\/\/www.amstelhouse.de\/es\/hostel-de-diseno\/#breadcrumb\",\"itemListElement\":[{\"@type\":\"ListItem\",\"position\":1,\"name\":\"Home\",\"item\":\"https:\/\/www.amstelhouse.de\/es\/\"},{\"@type\":\"ListItem\",\"position\":2,\"name\":\"ALBERGUE DE DISE\u00d1O\"}]},{\"@type\":\"WebSite\",\"@id\":\"https:\/\/www.amstelhouse.de\/es\/#website\",\"url\":\"https:\/\/www.amstelhouse.de\/es\/\",\"name\":\"Amstel House (es)\",\"description\":\"Zentral - Gut - Preiswert\",\"potentialAction\":[{\"@type\":\"SearchAction\",\"target\":{\"@type\":\"EntryPoint\",\"urlTemplate\":\"https:\/\/www.amstelhouse.de\/es\/?s={search_term_string}\"},\"query-input\":\"required name=search_term_string\"}],\"inLanguage\":\"es-ES\"}]}<\/script>\n<!-- \/ Yoast SEO plugin. -->","yoast_head_json":{"title":"Hostel de dise\u00f1o en Berl\u00edn | Habitaciones con estilo","description":"Al\u00f3jate en el albergue de dise\u00f1o Amstel House, un edificio art nouveau con un interior original y dormitorios \u00fanicos. Un concepto de moda y precios bajos.","robots":{"index":"index","follow":"follow","max-snippet":"max-snippet:-1","max-image-preview":"max-image-preview:large","max-video-preview":"max-video-preview:-1"},"canonical":"https:\/\/www.amstelhouse.de\/es\/hostel-de-diseno\/","og_locale":"es_ES","og_type":"article","og_title":"Hostel de dise\u00f1o en Berl\u00edn | Habitaciones con estilo","og_description":"Al\u00f3jate en el albergue de dise\u00f1o Amstel House, un edificio art nouveau con un interior original y dormitorios \u00fanicos. Un concepto de moda y precios bajos.","og_url":"https:\/\/www.amstelhouse.de\/es\/hostel-de-diseno\/","og_site_name":"Amstel House (es)","article_modified_time":"2021-11-18T16:14:14+00:00","twitter_misc":{"Est. reading time":"1 minute"},"schema":{"@context":"https:\/\/schema.org","@graph":[{"@type":"WebPage","@id":"https:\/\/www.amstelhouse.de\/es\/hostel-de-diseno\/","url":"https:\/\/www.amstelhouse.de\/es\/hostel-de-diseno\/","name":"Hostel de dise\u00f1o en Berl\u00edn | Habitaciones con estilo","isPartOf":{"@id":"https:\/\/www.amstelhouse.de\/es\/#website"},"datePublished":"2017-12-18T16:16:55+00:00","dateModified":"2021-11-18T16:14:14+00:00","description":"Al\u00f3jate en el albergue de dise\u00f1o Amstel House, un edificio art nouveau con un interior original y dormitorios \u00fanicos. Un concepto de moda y precios bajos.","breadcrumb":{"@id":"https:\/\/www.amstelhouse.de\/es\/hostel-de-diseno\/#breadcrumb"},"inLanguage":"es-ES","potentialAction":[{"@type":"ReadAction","target":["https:\/\/www.amstelhouse.de\/es\/hostel-de-diseno\/"]}]},{"@type":"BreadcrumbList","@id":"https:\/\/www.amstelhouse.de\/es\/hostel-de-diseno\/#breadcrumb","itemListElement":[{"@type":"ListItem","position":1,"name":"Home","item":"https:\/\/www.amstelhouse.de\/es\/"},{"@type":"ListItem","position":2,"name":"ALBERGUE DE DISE\u00d1O"}]},{"@type":"WebSite","@id":"https:\/\/www.amstelhouse.de\/es\/#website","url":"https:\/\/www.amstelhouse.de\/es\/","name":"Amstel House (es)","description":"Zentral - Gut - Preiswert","potentialAction":[{"@type":"SearchAction","target":{"@type":"EntryPoint","urlTemplate":"https:\/\/www.amstelhouse.de\/es\/?s={search_term_string}"},"query-input":"required name=search_term_string"}],"inLanguage":"es-ES"}]}},"_links":{"self":[{"href":"https:\/\/www.amstelhouse.de\/es\/wp-json\/wp\/v2\/pages\/1988"}],"collection":[{"href":"https:\/\/www.amstelhouse.de\/es\/wp-json\/wp\/v2\/pages"}],"about":[{"href":"https:\/\/www.amstelhouse.de\/es\/wp-json\/wp\/v2\/types\/page"}],"author":[{"embeddable":true,"href":"https:\/\/www.amstelhouse.de\/es\/wp-json\/wp\/v2\/users\/4"}],"replies":[{"embeddable":true,"href":"https:\/\/www.amstelhouse.de\/es\/wp-json\/wp\/v2\/comments?post=1988"}],"version-history":[{"count":3,"href":"https:\/\/www.amstelhouse.de\/es\/wp-json\/wp\/v2\/pages\/1988\/revisions"}],"predecessor-version":[{"id":3046,"href":"https:\/\/www.amstelhouse.de\/es\/wp-json\/wp\/v2\/pages\/1988\/revisions\/3046"}],"wp:attachment":[{"href":"https:\/\/www.amstelhouse.de\/es\/wp-json\/wp\/v2\/media?parent=1988"}],"curies":[{"name":"wp","href":"https:\/\/api.w.org\/{rel}","templated":true}]}}

ALBERGUE DE DISEÑO

<p style="text-align: left;">Estamos casi al final de una gran transformación: actualizar nuestro concepto y rediseñar completamente nuestra imagen. Convertirnos en el hostel de diseño más nuevo y original de Berlín, sin perder de vista nuestra filosofía de precios bajos. No sólo para lucir extra bonito, sino para proporcionar un ambiente estimulante, inspirador y de conexión para las mentes de los aventureros de todo el mundo en Berlín. Para garantizar la elegancia de nuestro nuevo diseño, recurrimos a la ayuda profesional del amante de Berlín y diseñador holandés Harm Rensink. Harm es un talentoso y premiado arquitecto de espacios interiores y su trabajo se caracteriza por la fusión entre la arquitectura, la moda y el arte. Considera que su principal tarea es crear un ambiente en el que se puedan facilitar los mejores recuerdos, amistades y experiencias. Ni siquiera podemos expresar con palabras lo emocionados que estamos.</p>

<p>Estamos casi al final de una gran transformación: actualizar nuestro concepto y rediseñar completamente nuestra imagen. Convertirnos en el hostel de diseño más nuevo y original de Berlín, sin perder de vista nuestra filosofía de precios bajos. No sólo para lucir extra bonito, sino para proporcionar un ambiente estimulante, inspirador y de conexión para las [&hellip;]</p>

<!-- This site is optimized with the Yoast SEO plugin v20.8 - https://yoast.com/wordpress/plugins/seo/ -->
<title>Hostel de diseño en Berlín | Habitaciones con estilo</title>
<meta name="description" content="Alójate en el albergue de diseño Amstel House, un edificio art nouveau con un interior original y dormitorios únicos. Un concepto de moda y precios bajos." />
<meta name="robots" content="index, follow, max-snippet:-1, max-image-preview:large, max-video-preview:-1" />
<link rel="canonical" href="https://www.amstelhouse.de/es/hostel-de-diseno/" />
<meta property="og:locale" content="es_ES" />
<meta property="og:type" content="article" />
<meta property="og:title" content="Hostel de diseño en Berlín | Habitaciones con estilo" />
<meta property="og:description" content="Alójate en el albergue de diseño Amstel House, un edificio art nouveau con un interior original y dormitorios únicos. Un concepto de moda y precios bajos." />
<meta property="og:url" content="https://www.amstelhouse.de/es/hostel-de-diseno/" />
<meta property="og:site_name" content="Amstel House (es)" />
<meta property="article:modified_time" content="2021-11-18T16:14:14+00:00" />
<meta name="twitter:label1" content="Est. reading time" />
	<meta name="twitter:data1" content="1 minute" />
<script type="application/ld+json" class="yoast-schema-graph">{"@context":"https://schema.org","@graph":[{"@type":"WebPage","@id":"https://www.amstelhouse.de/es/hostel-de-diseno/","url":"https://www.amstelhouse.de/es/hostel-de-diseno/","name":"Hostel de diseño en Berlín | Habitaciones con estilo","isPartOf":{"@id":"https://www.amstelhouse.de/es/#website"},"datePublished":"2017-12-18T16:16:55+00:00","dateModified":"2021-11-18T16:14:14+00:00","description":"Alójate en el albergue de diseño Amstel House, un edificio art nouveau con un interior original y dormitorios únicos. Un concepto de moda y precios bajos.","breadcrumb":{"@id":"https://www.amstelhouse.de/es/hostel-de-diseno/#breadcrumb"},"inLanguage":"es-ES","potentialAction":[{"@type":"ReadAction","target":["https://www.amstelhouse.de/es/hostel-de-diseno/"]}]},{"@type":"BreadcrumbList","@id":"https://www.amstelhouse.de/es/hostel-de-diseno/#breadcrumb","itemListElement":[{"@type":"ListItem","position":1,"name":"Home","item":"https://www.amstelhouse.de/es/"},{"@type":"ListItem","position":2,"name":"ALBERGUE DE DISEÑO"}]},{"@type":"WebSite","@id":"https://www.amstelhouse.de/es/#website","url":"https://www.amstelhouse.de/es/","name":"Amstel House (es)","description":"Zentral - Gut - Preiswert","potentialAction":[{"@type":"SearchAction","target":{"@type":"EntryPoint","urlTemplate":"https://www.amstelhouse.de/es/?s={search_term_string}"},"query-input":"required name=search_term_string"}],"inLanguage":"es-ES"}]}</script>
<!-- / Yoast SEO plugin. -->

Hostel de diseño en Berlín | Habitaciones con estilo

Alójate en el albergue de diseño Amstel House, un edificio art nouveau con un interior original y dormitorios únicos. Un concepto de moda y precios bajos.
